 9 - 2)?
3
Calculate -3 - -13 - (2 + 0).
8
Calculate 5 + (-1 - (-3 + 6)) - -4.
5
Calculate -2 - (-2 + 1 + 0 + 3).
-4
Evaluate -8 - (-8 + 0) - -5.
5
Calculate -1 - (9 + (-8 - -5) + -7).
0
Evaluate 17 - 15 - (3 + 0 + -7).
6
What is the value of (-1 - -6) + (7 - (1 + 3))?
8
What is -1 - (5 + -1 + 0)?
-5
Evaluate -4 + -2 - (0 + (12 - 15)).
-3
What is 4 + -16 + 13 + -5 + -4?
-8
Evaluate -2 + 0 + -3 - -4.
-1
What is the value of 0 + -2 + 3 + -4 + 1?
-2
What is (1 + 7 - 15) + 3?
-4
0 - 3 - (-9 + 5)
1
Calculate 2 - -9 - (5 - 1) - 4.
3
Evaluate -5 - (1 - 2 - 5 - -4).
-3
Evaluate 1 - 2 - (1 + -4 + -2).
4
What is the value of -1 - 4 - ((-1 - 1) + -1)?
-2
What is 3 + 1 - (14 + -1 + -7)?
-2
What is the value of -6 - ((-11 - -6) + -3)?
2
Evaluate 5 - (3 + (0 - -3)).
-1
0 + (-2 + 5 - 5) - -7
5
Evaluate -12 + -11 + 30 + -9.
-2
What is 6 - (3 + -7 - -10)?
0
(0 - 4) + 12 + -6
2
What is the value of -3 + -2 + 18 + -11?
2
-3 + (-4 - -2) + 29 + -28
-4
What is the value of 9 + (-10 - (5 - 9)) - 3?
0
18 + (-10 - -5) + -2 + -1
10
0 + 3 - -4 - 4
3
What is the value of 1 + 1 + 4 + -9 + 5?
2
Evaluate 2 + 1 + 35 + -19 + -26.
-7
Calculate -2 + (-4 + 2 - (1 - 2)).
-3
What is 42 + -31 + (-3 - 6)?
2
Calculate 0 + -6 + 6 + 3 + 2.
5
Calculate 3 - ((-1 - -1) + 7).
-4
Calculate (4 + -5 - -2) + -3.
-2
(-43 - -47) + (-10 - 0) - -9
3
Evaluate -5 + (5 - 0 - 0) - 0.
0
Evaluate -2 + (3 - 1 - 3) + -3.
-6
What is the value of 15 + 0 + -3 - 8?
4
What is the value of -3 - (-1 - (-1 - 1))?
-4
(-3 - 4) + -6 - -5
-8
-27 + 35 + (-3 - 2)
3
-1 - (-3 + (1 + 1 - -4))
-4
What is the value of -3 + (2 - -2) + 2?
3
Calculate (-1 - -8) + -3 - 6.
-2
Evaluate 1 + 6 + (-2 - -19 - 32).
-8
Calculate (0 + 9 - (-27 - -33)) + 3.
6
What is the value of 0 + 7 + -8 + -3 + 5?
1
(46 - 50) + 1 + 2
-1
-4 + -3 + 8 + -1
0
What is the value of -8 - -1 - (5 + -9 - -3)?
-6
Calculate 11 - (-1 + 6) - 7.
-1
Calculate (-64 - -63) + (-1 - -3).
1
Evaluate 3 - (8 + (0 - 3)).
-2
51 + -46 - (-3 - 2)
10
Evaluate -2 + (-3 - -3) + 4.
2
Calculate (0 - 0 - 0) + 56 + -58.
-2
Calculate (-9 - -4) + 8 + (-3 - -4).
4
Calculate -2 - (-13 - -6 - 0).
5
What is 5 + 1 + (-92 - -88)?
2
-21 - (-23 - -13 - 0)
-11
What is the value of (-6 - 5 - -9) + -5?
-7
Calculate (-9 - (1 + -4)) + 3.
-3
What is (1 - 0 - 3) + 0 - -3?
1
Calculate (16 + -4 - 8) + 0 + 1.
5
(-11 - -5) + 4 + (1 - -6)
5
What is 5 + 3 + 0 + 2 + -3?
7
What is the value of (-33 - -34) + 1 + -3?
-1
-4 + 0 + 3 + -1
-2
Evaluate 4 + (-8 - -15 - -1) + -5.
7
Evaluate 2 + -1 + 3 + -1.
3
What is the value of 0 - (2 + (4 - 2))?
-4
Calculate 121 + -127 + (0 - (2 - 4)).
-4
Evaluate 7 + -19 + 9 - (-6 + -1).
4
What is 5 + -2 - (3 + 0)?
0
Calculate 7 + -5 + 0 + -7.
-5
Evaluate -6 + (-8 - -2) + 6 - -6.
0
Calculate 3 + -3 + -1 + 3.
2
Calculate -5 - (2 - (6 + -3)).
-4
What is 2 - (0 - (7 + -9))?
0
What is 0 + -3 - (5 - (-4 - -8))?
-4
What is 15 + -1 - (-66 - -74)?
6
What is the value of 6 + 0 - (10 - 1)?
-3
What is (-31 - -31) + (-1 - 3)?
-4
What is (-1 - (0 - -1 - 2)) + -3?
-3
What is the value of 3 - (-3 + (-3 - -7))?
2
(4 + -1 - (-2 + -2)) + -3
4
Evaluate 61 + -58 - (-2 + 1 + -1).
5
Evaluate -6 + 1 - (-29 + 21).
3
Evaluate -5 + -1 + (-2 - -3).
-5
What is the value of (0 - 4) + (4 - 4)?
-4
Calculate 2 + 1 - 3 - 1 - -7.
6
What is the value of 5 - (-3 + 1 + 6 + -3)?
4
What is the value of 4 + -2 - -2 - 2 - -3?
5
-6 + 3 + 7 - 5
-1
What is the value of 7 - ((6 - -7) + -2) - -7?
3
Calculate (5 + -6 - (0 - 2)) + -5.
-4
What is 1 + 0 - 5 - (137 + -143)?
2
What is -7 + (-3 - (6 - 13))?
-3
What is the value of 12 - 2 - (44 + -38)?
4
What is the value of -5 + 1 + (5 - 3) - 3?
-5
What is 1 + -9 + 85 + -82?
-5
Evaluate 3 - 4 - (1 + (-7 - 5)).
10
6 - 1 - (-2 - (-14 + 5))
-2
What is 2 - (8 - 2) - -8?
4
What is (-3 - -4) + -5 - (-1 - 7)?
4
1 + (1 - (5 + -6 - -5))
-2
Evaluate 0 + 13 - (76 - 67).
4
13 + -6 + (5 - 6) + -5
1
Evaluate (4 - 5) + 6 + -8.
-3
What is the value of 0 - (0 - -2 - 6)?
4
What is 3 + 1 + -1 + -5 + 3?
1
Calculate -4 + (9 - (0 - (5 + -7))).
3
Calculate (3 + (-6 - -3) - 3) + 2.
-1
Evaluate 55 + -51 - (-4 + -2).
10
Evaluate 6 - (2 + 2 + (-1 - 0)).
3
3 + -4 + -3 + -1 + 0
-5
What is the value of 10 + 9 + -13 + -8?
-2
What is (-4 - -1 - (-5 - -5)) + 6?
3
What is the value of 5 + -8 + 0 - 0?
-3
What is the value of 2 + (2 - 4 - 2)?
-2
What is -1 + (10 - (3 + 4))?
2
Evaluate 5 - (1 + 0 - -9).
-5
(-5 - 9 - -4) + 10
0
6 - (5 - 6) - (1 - -3)
3
Evaluate -5 - -15 - (-3 + 22).
-9
-2 + -9 + 8 - (-6 - -2)
1
Evaluate 8 + (-16 - -8 - -4).
4
Calculate -7 - (9 + -18 + -1).
3
Evaluate (1 - -23 - 12) + -12.
0
What is the value of (5 - 1) + (-76 - -66)?
-6
Calculate -1 - ((8 - 4) + -9).
4
Calculate (-5 - (-4 - -3)) + 9.
5
What is 0 + -2 + (2 - 5)?
-5
What is the value of 6 - (3 - -1) - 5?
-3
What is the value of (4 - -1 - 4) + -4?
-3
(-1 - -9) + 27 + -29
6
What is 0 + -3 - (-10 - (-15 - -1))?
-7
What is 3 + (-13 - -9) + -5?
-6
What is the value of -15 - (-10 + 11) - -9?
-7
Evaluate 3 - -6 - (39 + -30).
0
Evaluate -9 + 6 + (8 - 2).
3
What is the value of 7 + -10 - (-3 + 1)?
-1
What is the value of -3 - -3 - (-8 + 7)?
1
Calculate (-2 - (4 + -3)) + 8.
5
What is the value of -2 + (-2 + 8 - (-30 + 26))?
8
Calculate (1 - -2) + -2 + 2.
3
What is the value of 28 + -21 + -9 + 2?
0
Calculate -4 + 1 - -4 - 0.
1
Evaluate 4 - 9 - 6 - -3.
-8
What is -6 + (7 + 1 - -3)?
5
Evaluate ((-6 - -1) + 0 - -7) + -2.
0
What is -1 + (5 - (-1 + 2 + -1))?
4
Calculate 8 + (1 - -2 - 13).
-2
-2 - (11 + 1 + -5 - 3)
-6
Evaluate -7 - (-13 - (4 + -13)).
-3
(5 - 4) + 0 - 3
-2
What is the value of 0 + 5 + -1 + -2 + 0?
2
What is -1 - (-4 - (5 - 3))?
5
What is the value of -6 + 3 + (1 - 3)?
-5
What is the value of 25 - 11 - (-3 + 10 + -2)?
9
-2 - 0 - (3 - (-9 - -5))
-9
Evaluate -5 - (-3 + (-4 - -7)).
-5
Calculate -8 + 11 + (-1 - 6).
-4
What is (-1 - 0 - -1) + 0 - -8?
8
Evaluate 3 + (9 - 16 - (5 + -9)).
0
(2 - (3 + -7)) + -2
4
-3 + (5 - 1 - -1) + 3
5
What is 4 + 5 + 6 + -4 + -7?
4
-1 + -7 - (-1 - 2)
-5
Evaluate -72 + 61 + (5 - 0).
-6
Calculate 2 + (6 + -4 - 3).
1
What is 12 + -7 + -1 + 3 + -2?
5
Evaluate -1 + 4 + -4 + -3.
-4
7 - ((2 - (2 + -1)) + 1)
5
Evaluate (-4 - -11 - 3) + 1.
5
Evaluate (5 - 3) + 0 - (5 + -2).
-1
Calculate 6 - (1 + (11 - 8)).
2
Evaluate -1 + 4 + -4 + 4 + -2.
1
What is the value of (-123 - -121) + -2 + -2?
-6
What is the value of 0 + (-3 - -6) + -6 - -3?
0
What is the value of -2 + 2 - 0 - -4?
4
What is -10 + -2 + (3 - -5)?
-4
What is the value of -2 - (-12 + 5) - 5?
0
What is the value of 8 + (12 - 4 - 7)?
9
-8 - -1 - (14 - 6 - 22)
7
Evaluate 3 - (-4 + 4 + 0).
3
What is the value of 0 + (7 - 4) - -2?
5
What is the value of 14 - 11 - (5 + (-1 - -2))?
-3
Evaluate 0 + 1 - (-18 + 22).
-3
-1 + 2 + -1 + 1 + -2
-1
Evaluate -3 + -1 - 0 - -6.
2
Evaluate 2 - (-6 + 0 + 10).
-2
What is -8 + 13 + (-3 - 1) - -2?
3
What is (1 - 0) + -2 + (7 - 4)?
2
What is the value of 5 + -6 + -5 + 9 - -3?
6
What is -2 + (3 - -1) + -1 - 2?
-1
-6 + 4 + -2 + (9 - -1)
6
Evaluate (-7 - (-2 + -8 + 10)) + 8.
1
What is -2 + 4 - (0 - (4 - 1))?
5
What is 6 + (-7 - 2) + 4?
1
Evaluate -9 + 4 - -2 - 1.
-4
What is 4 + -11 - -16 - 12?
-3
What is 0 + 3 + (-4 - 1) + 2?
0
Evaluate (-4 - (2 - -5) - -4) + 13.
6
0 + -1 + -2 - -3
0
Calculate (-5 + (-4 - -4) - 1) + 4.
-2
Calculate 5 + (-1 + -3 - (-26 - -24)).
3
What is -37 + 50 + -4 + 0?
9
What is 5 + -1 - 6 - 5?
-7
Evaluate 0 - ((-8 - -5) + 6).
-3
Evaluate (0 - (-2 + -1)) + -4.
-1
Calculate 4 + 6 + -3 + (-5 - -2).
4
Calculate -6 + (2 - ((1 - -1) + -1)).
-5
Calculate 5 - (1 + 4 + -5).
5
What is -9 - (-6 + 2 - -2)?
-7
Calculate 4 + (-3 + 5 - 10).
-4
What is the value of -5 - -1 - ((-9 - -1) + 0)?
4
8 - (-1 + 5 - -12)
-8
Evaluate -5 - -1 - (-23 - -22).
-3
What is (1 - -2) + (-2 - (15 - 6))?
-8
Evaluate (4 - 8) + (0 - (-1 - -2)).
-5
What is the value of 5 + 6 + -1 + -9?
1
What is -7 - (-6 + 3 + 1)?
-5
Calculate -6 - ((3 + -5 - 3) + 1).
-2
Calculate -4 + (2 - -4) + -11 + 5.
-4
10 + (-6 - (-3 - -3))
4
Calculate 2 + (-2 - 0) + -4 + 0.
-4
Evaluate -4 + (17 + -19 - (-5 - -1)).
-2
Calculate 4 + (6 + 4 - 5 - 9).
0
What is the value of -9 - (12 + -12) - -9?
0
Evaluate (5 - 2) + -8 + 6.
1
3 + 0 - (3 - (9 + -6))
3
Evaluate 7 - (-5 + -6 + 24).
-6
-8 - (3 + -3 + -3)
-5
What is -7 + (-2 - (-3 - -1))?
-7
Evaluate (6 - 12 - 1) + 13 + -5.
1
7 + -5 + 8 + -6 